{"id":2153,"date":"2022-03-09T11:51:05","date_gmt":"2022-03-09T10:51:05","guid":{"rendered":"https:\/\/weareable.ngo\/?page_id=2153"},"modified":"2022-03-09T11:55:36","modified_gmt":"2022-03-09T10:55:36","slug":"nouvelles","status":"publish","type":"page","link":"https:\/\/weareable.ngo\/fr\/nouvelles\/","title":{"rendered":"Nouvelles"},"content":{"rendered":"\n<div class=\"wp-block-stackable-posts is-style-portfolio-2 stk-block-posts stk-block stk-fe446db\" data-block-id=\"fe446db\"><style>.stk-fe446db-container:hover .stk-img-wrapper img{filter:brightness(0.8) !important}.stk-fe446db-container .stk-img-wrapper{width:100% !important;height:100% !important;--stk-gradient-overlay:0.5 !important}.stk-fe446db-container .stk-img-wrapper::after{background-color:var(--paletteColor2,#2c2e35) !important}.stk-fe446db .stk-block-posts__title a{color:#FFFFFF !important}.stk-fe446db .stk-block-posts__category a{color:#FFFFFF !important}.stk-fe446db .stk-block-posts__excerpt p{color:#FFFFFF !important}.stk-fe446db .stk-block-posts__meta{color:#2091e1 !important}.stk-fe446db .stk-block-posts__readmore{color:#FFFFFF !important}.stk-fe446db{--stk-columns:3 !important}.stk-fe446db .stk-block-posts__category{margin-bottom:48px !important}.stk-fe446db .stk-block-posts__readmore{margin-bottom:48px !important}<\/style><div class=\"stk-inner-blocks stk-content-align stk-fe446db-column\"><div class=\"stk-block-posts__items\"><div class=\"stk-block-posts__item\"><div class=\"stk-container stk-fe446db-container stk--no-background stk--no-padding\"><article class=\"stk-container-padding\"><a class=\"stk-img-wrapper-link\" href=\"https:\/\/weareable.ngo\/fr\/nouvelles\/we-are-able-are-you-able-too\/\" aria-hidden=\"true\" tabindex=\"-1\"><\/a><figure class=\"stk-img-wrapper\"><img width=\"1280\" height=\"720\" src=\"https:\/\/weareable.ngo\/wp-content\/uploads\/2022\/02\/02.07_REVISED_Flyer-WaA-GDS2022_white-final.jpg\" class=\"attachment-full size-full wp-post-image\" alt=\"A graphic on the Global Disability Summit Side Event with pictures of the six panelists from various organisations. There is also an image of two school girls communicating using sign language.\" loading=\"lazy\" width=\"1280\" height=\"720\" srcset=\"https:\/\/weareable.ngo\/wp-content\/uploads\/2022\/02\/02.07_REVISED_Flyer-WaA-GDS2022_white-final.jpg 1280w, https:\/\/weareable.ngo\/wp-content\/uploads\/2022\/02\/02.07_REVISED_Flyer-WaA-GDS2022_white-final-300x169.jpg 300w, https:\/\/weareable.ngo\/wp-content\/uploads\/2022\/02\/02.07_REVISED_Flyer-WaA-GDS2022_white-final-1024x576.jpg 1024w, https:\/\/weareable.ngo\/wp-content\/uploads\/2022\/02\/02.07_REVISED_Flyer-WaA-GDS2022_white-final-768x432.jpg 768w\" sizes=\"(max-width: 1280px) 100vw, 1280px\" \/><\/figure><h3 class=\"stk-block-posts__title has-text-color has-white-color\"><a href='https:\/\/weareable.ngo\/fr\/nouvelles\/we-are-able-are-you-able-too\/'>We are Able! Are YOU able too?<\/a><\/h3><div class=\"stk-block-posts__excerpt has-text-color has-white-color\"><p>Regardez l&rsquo;enregistrement de l&rsquo;\u00e9v\u00e9nement ici: https:\/\/bit.ly\/3IWhaZD Le deuxi\u00e8me Sommet mondial des personnes handicap\u00e9es, organis\u00e9 conjointement par l&rsquo;Alliance internationale pour les personnes en situation de handicap, le gouvernement de la Norv\u00e8ge et le gouvernement du Ghana, s&rsquo;est d\u00e9roul\u00e9 virtuellement du 16 au 17 f\u00e9vrier 2022. De la sensibilisation mondiale au renforcement des capacit\u00e9s des organisations de&#8230;<\/div><a class=\"stk-block-posts__readmore has-text-color has-white-color\" href=\"https:\/\/weareable.ngo\/fr\/nouvelles\/we-are-able-are-you-able-too\/\">Continuer \u00e0 lire<\/a><\/article><\/div><\/div><\/div><div class=\"stk-inner-blocks\"><\/div><\/div><\/div>\n","protected":false},"excerpt":{"rendered":"<p>We are Able! Are YOU able too? Regardez l&rsquo;enregistrement de l&rsquo;\u00e9v\u00e9nement ici: https:\/\/bit.ly\/3IWhaZD Le deuxi\u00e8me Sommet mondial des personnes handicap\u00e9es, organis\u00e9 conjointement par l&rsquo;Alliance internationale pour les personnes en situation de handicap, le gouvernement de la Norv\u00e8ge et le gouvernement du Ghana, s&rsquo;est d\u00e9roul\u00e9 virtuellement du 16 au 17 f\u00e9vrier 2022. De la sensibilisation mondiale au renforcement des capacit\u00e9s des organisations de&#8230; Continuer \u00e0 lire<\/p>\n","protected":false},"author":2,"featured_media":0,"parent":0,"menu_order":0,"comment_status":"closed","ping_status":"closed","template":"","meta":[],"blocksy_meta":{"styles_descriptor":{"styles":{"desktop":"","tablet":"","mobile":""},"google_fonts":[],"version":5}},"acf":[],"featured_image_urls":{"full":"","thumbnail":"","medium":"","medium_large":"","large":"","1536x1536":"","2048x2048":""},"post_excerpt_stackable":"<p>We are Able! Are YOU able too?Regardez l&rsquo;enregistrement de l&rsquo;\u00e9v\u00e9nement ici: https:\/\/bit.ly\/3IWhaZD Le deuxi\u00e8me Sommet mondial des personnes handicap\u00e9es, organis\u00e9 conjointement par l&rsquo;Alliance internationale pour les personnes en situation de handicap, le gouvernement de la Norv\u00e8ge et le gouvernement du Ghana, s&rsquo;est d\u00e9roul\u00e9 virtuellement du 16 au 17 f\u00e9vrier 2022. De la sensibilisation mondiale au renforcement des capacit\u00e9s des organisations de&#8230;Continuer \u00e0 lire<\/p>\n","category_list":"","author_info":{"name":"spikker","url":"https:\/\/weareable.ngo\/fr\/author\/spikker\/"},"comments_num":"0 commentaire","featured_image_urls_v2":{"full":"","thumbnail":"","medium":"","medium_large":"","large":"","1536x1536":"","2048x2048":""},"post_excerpt_stackable_v2":"<p>We are Able! Are YOU able too?Regardez l&rsquo;enregistrement de l&rsquo;\u00e9v\u00e9nement ici: https:\/\/bit.ly\/3IWhaZD Le deuxi\u00e8me Sommet mondial des personnes handicap\u00e9es, organis\u00e9 conjointement par l&rsquo;Alliance internationale pour les personnes en situation de handicap, le gouvernement de la Norv\u00e8ge et le gouvernement du Ghana, s&rsquo;est d\u00e9roul\u00e9 virtuellement du 16 au 17 f\u00e9vrier 2022. De la sensibilisation mondiale au renforcement des capacit\u00e9s des organisations de&#8230;Continuer \u00e0 lire<\/p>\n","category_list_v2":"","author_info_v2":{"name":"spikker","url":"https:\/\/weareable.ngo\/fr\/author\/spikker\/"},"comments_num_v2":"0 commentaire","yoast_head":"<!-- This site is optimized with the Yoast SEO plugin v19.1 - https:\/\/yoast.com\/wordpress\/plugins\/seo\/ -->\n<title>Nouvelles - We are able<\/title>\n<meta name=\"robots\" content=\"index, follow, max-snippet:-1, max-image-preview:large, max-video-preview:-1\" \/>\n<link rel=\"canonical\" href=\"https:\/\/weareable.ngo\/fr\/nouvelles\/\" \/>\n<meta property=\"og:locale\" content=\"fr_FR\" \/>\n<meta property=\"og:type\" content=\"article\" \/>\n<meta property=\"og:title\" content=\"Nouvelles - We are able\" \/>\n<meta property=\"og:description\" content=\"We are Able! Are YOU able too? Regardez l&rsquo;enregistrement de l&rsquo;\u00e9v\u00e9nement ici: https:\/\/bit.ly\/3IWhaZD Le deuxi\u00e8me Sommet mondial des personnes handicap\u00e9es, organis\u00e9 conjointement par l&rsquo;Alliance internationale pour les personnes en situation de handicap, le gouvernement de la Norv\u00e8ge et le gouvernement du Ghana, s&rsquo;est d\u00e9roul\u00e9 virtuellement du 16 au 17 f\u00e9vrier 2022. De la sensibilisation mondiale au renforcement des capacit\u00e9s des organisations de&#8230; Continuer \u00e0 lire\" \/>\n<meta property=\"og:url\" content=\"https:\/\/weareable.ngo\/fr\/nouvelles\/\" \/>\n<meta property=\"og:site_name\" content=\"We are able\" \/>\n<meta property=\"article:modified_time\" content=\"2022-03-09T10:55:36+00:00\" \/>\n<meta name=\"twitter:card\" content=\"summary_large_image\" \/>\n<meta name=\"twitter:label1\" content=\"Dur\u00e9e de lecture estim\u00e9e\" \/>\n\t<meta name=\"twitter:data1\" content=\"1 minute\" \/>\n<script type=\"application\/ld+json\" class=\"yoast-schema-graph\">{\"@context\":\"https:\/\/schema.org\",\"@graph\":[{\"@type\":\"WebSite\",\"@id\":\"https:\/\/weareable.ngo\/#website\",\"url\":\"https:\/\/weareable.ngo\/\",\"name\":\"We are able\",\"description\":\"\",\"potentialAction\":[{\"@type\":\"SearchAction\",\"target\":{\"@type\":\"EntryPoint\",\"urlTemplate\":\"https:\/\/weareable.ngo\/?s={search_term_string}\"},\"query-input\":\"required name=search_term_string\"}],\"inLanguage\":\"fr-FR\"},{\"@type\":\"WebPage\",\"@id\":\"https:\/\/weareable.ngo\/fr\/nouvelles\/#webpage\",\"url\":\"https:\/\/weareable.ngo\/fr\/nouvelles\/\",\"name\":\"Nouvelles - We are able\",\"isPartOf\":{\"@id\":\"https:\/\/weareable.ngo\/#website\"},\"datePublished\":\"2022-03-09T10:51:05+00:00\",\"dateModified\":\"2022-03-09T10:55:36+00:00\",\"breadcrumb\":{\"@id\":\"https:\/\/weareable.ngo\/fr\/nouvelles\/#breadcrumb\"},\"inLanguage\":\"fr-FR\",\"potentialAction\":[{\"@type\":\"ReadAction\",\"target\":[\"https:\/\/weareable.ngo\/fr\/nouvelles\/\"]}]},{\"@type\":\"BreadcrumbList\",\"@id\":\"https:\/\/weareable.ngo\/fr\/nouvelles\/#breadcrumb\",\"itemListElement\":[{\"@type\":\"ListItem\",\"position\":1,\"name\":\"Home\",\"item\":\"https:\/\/weareable.ngo\/fr\/\"},{\"@type\":\"ListItem\",\"position\":2,\"name\":\"Nouvelles\"}]}]}<\/script>\n<!-- \/ Yoast SEO plugin. -->","yoast_head_json":{"title":"Nouvelles - We are able","robots":{"index":"index","follow":"follow","max-snippet":"max-snippet:-1","max-image-preview":"max-image-preview:large","max-video-preview":"max-video-preview:-1"},"canonical":"https:\/\/weareable.ngo\/fr\/nouvelles\/","og_locale":"fr_FR","og_type":"article","og_title":"Nouvelles - We are able","og_description":"We are Able! Are YOU able too? Regardez l&rsquo;enregistrement de l&rsquo;\u00e9v\u00e9nement ici: https:\/\/bit.ly\/3IWhaZD Le deuxi\u00e8me Sommet mondial des personnes handicap\u00e9es, organis\u00e9 conjointement par l&rsquo;Alliance internationale pour les personnes en situation de handicap, le gouvernement de la Norv\u00e8ge et le gouvernement du Ghana, s&rsquo;est d\u00e9roul\u00e9 virtuellement du 16 au 17 f\u00e9vrier 2022. De la sensibilisation mondiale au renforcement des capacit\u00e9s des organisations de&#8230; Continuer \u00e0 lire","og_url":"https:\/\/weareable.ngo\/fr\/nouvelles\/","og_site_name":"We are able","article_modified_time":"2022-03-09T10:55:36+00:00","twitter_card":"summary_large_image","twitter_misc":{"Dur\u00e9e de lecture estim\u00e9e":"1 minute"},"schema":{"@context":"https:\/\/schema.org","@graph":[{"@type":"WebSite","@id":"https:\/\/weareable.ngo\/#website","url":"https:\/\/weareable.ngo\/","name":"We are able","description":"","potentialAction":[{"@type":"SearchAction","target":{"@type":"EntryPoint","urlTemplate":"https:\/\/weareable.ngo\/?s={search_term_string}"},"query-input":"required name=search_term_string"}],"inLanguage":"fr-FR"},{"@type":"WebPage","@id":"https:\/\/weareable.ngo\/fr\/nouvelles\/#webpage","url":"https:\/\/weareable.ngo\/fr\/nouvelles\/","name":"Nouvelles - We are able","isPartOf":{"@id":"https:\/\/weareable.ngo\/#website"},"datePublished":"2022-03-09T10:51:05+00:00","dateModified":"2022-03-09T10:55:36+00:00","breadcrumb":{"@id":"https:\/\/weareable.ngo\/fr\/nouvelles\/#breadcrumb"},"inLanguage":"fr-FR","potentialAction":[{"@type":"ReadAction","target":["https:\/\/weareable.ngo\/fr\/nouvelles\/"]}]},{"@type":"BreadcrumbList","@id":"https:\/\/weareable.ngo\/fr\/nouvelles\/#breadcrumb","itemListElement":[{"@type":"ListItem","position":1,"name":"Home","item":"https:\/\/weareable.ngo\/fr\/"},{"@type":"ListItem","position":2,"name":"Nouvelles"}]}]}},"_links":{"self":[{"href":"https:\/\/weareable.ngo\/fr\/wp-json\/wp\/v2\/pages\/2153"}],"collection":[{"href":"https:\/\/weareable.ngo\/fr\/wp-json\/wp\/v2\/pages"}],"about":[{"href":"https:\/\/weareable.ngo\/fr\/wp-json\/wp\/v2\/types\/page"}],"author":[{"embeddable":true,"href":"https:\/\/weareable.ngo\/fr\/wp-json\/wp\/v2\/users\/2"}],"replies":[{"embeddable":true,"href":"https:\/\/weareable.ngo\/fr\/wp-json\/wp\/v2\/comments?post=2153"}],"version-history":[{"count":1,"href":"https:\/\/weareable.ngo\/fr\/wp-json\/wp\/v2\/pages\/2153\/revisions"}],"predecessor-version":[{"id":2154,"href":"https:\/\/weareable.ngo\/fr\/wp-json\/wp\/v2\/pages\/2153\/revisions\/2154"}],"wp:attachment":[{"href":"https:\/\/weareable.ngo\/fr\/wp-json\/wp\/v2\/media?parent=2153"}],"curies":[{"name":"wp","href":"https:\/\/api.w.org\/{rel}","templated":true}]}}

<div class="wp-block-stackable-posts is-style-portfolio-2 stk-block-posts stk-block stk-fe446db" data-block-id="fe446db"><style>.stk-fe446db-container:hover .stk-img-wrapper img{filter:brightness(0.8) !important}.stk-fe446db-container .stk-img-wrapper{width:100% !important;height:100% !important;--stk-gradient-overlay:0.5 !important}.stk-fe446db-container .stk-img-wrapper::after{background-color:var(--paletteColor2,#2c2e35) !important}.stk-fe446db .stk-block-posts__title a{color:#FFFFFF !important}.stk-fe446db .stk-block-posts__category a{color:#FFFFFF !important}.stk-fe446db .stk-block-posts__excerpt p{color:#FFFFFF !important}.stk-fe446db .stk-block-posts__meta{color:#2091e1 !important}.stk-fe446db .stk-block-posts__readmore{color:#FFFFFF !important}.stk-fe446db{--stk-columns:3 !important}.stk-fe446db .stk-block-posts__category{margin-bottom:48px !important}.stk-fe446db .stk-block-posts__readmore{margin-bottom:48px !important}</style><div class="stk-inner-blocks stk-content-align stk-fe446db-column"><div class="stk-block-posts__items"><div class="stk-block-posts__item"><div class="stk-container stk-fe446db-container stk--no-background stk--no-padding"><article class="stk-container-padding"><a class="stk-img-wrapper-link" href="https://weareable.ngo/fr/nouvelles/we-are-able-are-you-able-too/" aria-hidden="true" tabindex="-1"></a><figure class="stk-img-wrapper"><img width="1280" height="720" src="https://weareable.ngo/wp-content/uploads/2022/02/02.07_REVISED_Flyer-WaA-GDS2022_white-final.jpg" class="attachment-full size-full wp-post-image" alt="A graphic on the Global Disability Summit Side Event with pictures of the six panelists from various organisations. There is also an image of two school girls communicating using sign language." loading="lazy" width="1280" height="720" srcset="https://weareable.ngo/wp-content/uploads/2022/02/02.07_REVISED_Flyer-WaA-GDS2022_white-final.jpg 1280w, https://weareable.ngo/wp-content/uploads/2022/02/02.07_REVISED_Flyer-WaA-GDS2022_white-final-300x169.jpg 300w, https://weareable.ngo/wp-content/uploads/2022/02/02.07_REVISED_Flyer-WaA-GDS2022_white-final-1024x576.jpg 1024w, https://weareable.ngo/wp-content/uploads/2022/02/02.07_REVISED_Flyer-WaA-GDS2022_white-final-768x432.jpg 768w" sizes="(max-width: 1280px) 100vw, 1280px" /></figure><h3 class="stk-block-posts__title has-text-color has-white-color"><a href='https://weareable.ngo/fr/nouvelles/we-are-able-are-you-able-too/'>We are Able! Are YOU able too?</a></h3><div class="stk-block-posts__excerpt has-text-color has-white-color"><p>Regardez l&rsquo;enregistrement de l&rsquo;événement ici: https://bit.ly/3IWhaZD Le deuxième Sommet mondial des personnes handicapées, organisé conjointement par l&rsquo;Alliance internationale pour les personnes en situation de handicap, le gouvernement de la Norvège et le gouvernement du Ghana, s&rsquo;est déroulé virtuellement du 16 au 17 février 2022. De la sensibilisation mondiale au renforcement des capacités des organisations de&#8230;</div><a class="stk-block-posts__readmore has-text-color has-white-color" href="https://weareable.ngo/fr/nouvelles/we-are-able-are-you-able-too/">Continuer à lire</a></article></div></div></div><div class="stk-inner-blocks"></div></div></div>

<p>We are Able! Are YOU able too? Regardez l&rsquo;enregistrement de l&rsquo;événement ici: https://bit.ly/3IWhaZD Le deuxième Sommet mondial des personnes handicapées, organisé conjointement par l&rsquo;Alliance internationale pour les personnes en situation de handicap, le gouvernement de la Norvège et le gouvernement du Ghana, s&rsquo;est déroulé virtuellement du 16 au 17 février 2022. De la sensibilisation mondiale au renforcement des capacités des organisations de&#8230; Continuer à lire</p>

<p>We are Able! Are YOU able too?Regardez l&rsquo;enregistrement de l&rsquo;événement ici: https://bit.ly/3IWhaZD Le deuxième Sommet mondial des personnes handicapées, organisé conjointement par l&rsquo;Alliance internationale pour les personnes en situation de handicap, le gouvernement de la Norvège et le gouvernement du Ghana, s&rsquo;est déroulé virtuellement du 16 au 17 février 2022. De la sensibilisation mondiale au renforcement des capacités des organisations de&#8230;Continuer à lire</p>

<!-- This site is optimized with the Yoast SEO plugin v19.1 - https://yoast.com/wordpress/plugins/seo/ -->
<title>Nouvelles - We are able</title>
<meta name="robots" content="index, follow, max-snippet:-1, max-image-preview:large, max-video-preview:-1" />
<link rel="canonical" href="https://weareable.ngo/fr/nouvelles/" />
<meta property="og:locale" content="fr_FR" />
<meta property="og:type" content="article" />
<meta property="og:title" content="Nouvelles - We are able" />
<meta property="og:description" content="We are Able! Are YOU able too? Regardez l&rsquo;enregistrement de l&rsquo;événement ici: https://bit.ly/3IWhaZD Le deuxième Sommet mondial des personnes handicapées, organisé conjointement par l&rsquo;Alliance internationale pour les personnes en situation de handicap, le gouvernement de la Norvège et le gouvernement du Ghana, s&rsquo;est déroulé virtuellement du 16 au 17 février 2022. De la sensibilisation mondiale au renforcement des capacités des organisations de&#8230; Continuer à lire" />
<meta property="og:url" content="https://weareable.ngo/fr/nouvelles/" />
<meta property="og:site_name" content="We are able" />
<meta property="article:modified_time" content="2022-03-09T10:55:36+00:00" />
<meta name="twitter:card" content="summary_large_image" />
<meta name="twitter:label1" content="Durée de lecture estimée" />
	<meta name="twitter:data1" content="1 minute" />
<script type="application/ld+json" class="yoast-schema-graph">{"@context":"https://schema.org","@graph":[{"@type":"WebSite","@id":"https://weareable.ngo/#website","url":"https://weareable.ngo/","name":"We are able","description":"","potentialAction":[{"@type":"SearchAction","target":{"@type":"EntryPoint","urlTemplate":"https://weareable.ngo/?s={search_term_string}"},"query-input":"required name=search_term_string"}],"inLanguage":"fr-FR"},{"@type":"WebPage","@id":"https://weareable.ngo/fr/nouvelles/#webpage","url":"https://weareable.ngo/fr/nouvelles/","name":"Nouvelles - We are able","isPartOf":{"@id":"https://weareable.ngo/#website"},"datePublished":"2022-03-09T10:51:05+00:00","dateModified":"2022-03-09T10:55:36+00:00","breadcrumb":{"@id":"https://weareable.ngo/fr/nouvelles/#breadcrumb"},"inLanguage":"fr-FR","potentialAction":[{"@type":"ReadAction","target":["https://weareable.ngo/fr/nouvelles/"]}]},{"@type":"BreadcrumbList","@id":"https://weareable.ngo/fr/nouvelles/#breadcrumb","itemListElement":[{"@type":"ListItem","position":1,"name":"Home","item":"https://weareable.ngo/fr/"},{"@type":"ListItem","position":2,"name":"Nouvelles"}]}]}</script>
<!-- / Yoast SEO plugin. -->

We are Able! Are YOU able too? Regardez l&rsquo;enregistrement de l&rsquo;événement ici: https://bit.ly/3IWhaZD Le deuxième Sommet mondial des personnes handicapées, organisé conjointement par l&rsquo;Alliance internationale pour les personnes en situation de handicap, le gouvernement de la Norvège et le gouvernement du Ghana, s&rsquo;est déroulé virtuellement du 16 au 17 février 2022. De la sensibilisation mondiale au renforcement des capacités des organisations de&#8230; Continuer à lire
